 = 3*c + 5*f. Let x(v) = 4*v**2 - 2*v - 1. List the prime factors of x(c).
5
Suppose -n + 30 + 30 = 0. List the prime factors of n.
2, 3, 5
Let k(q) be the third derivative of -q**6/120 - 2*q**5/15 + q**3/2 + q**2. What are the prime factors of k(-8)?
3
Suppose -16*m + 15*m + 215 = 0. List the prime factors of m.
5, 43
Let x(g) be the third derivative of -g**6/120 + 7*g**5/60 + g**4/24 + 3*g**3/2 - 4*g**2. What are the prime factors of x(7)?
2
Suppose -5*b = -8*b + 9. What are the prime factors of b?
3
Let x be (121 - (-4)/2) + -4. Suppose -4*y + 2*p + 96 = 0, -4*y = y - 2*p - x. List the prime factors of y.
23
Suppose 7*p + 4*k - 901 = 2*p, -k - 1 = 0. List the prime factors of p.
181
Let o(g) = 0*g**2 - 1 - 4*g**2 + g**3 + 4*g + 0*g**2. Suppose 0 = 5*m - 0*m - 15. List the prime factors of o(m).
2
Let q = 168 - 117. List the prime factors of q.
3, 17
Suppose 0 = n + f + 15, -2*f - 69 = 5*n + f. What are the prime factors of 9/6*(-16)/n?
2
Suppose 2*f + f = 12. Suppose -5*o + h = -318 + 113, -3*o + f*h = -140. List the prime factors of o.
2, 5
Let d(w) = 12 + w - 3*w + 4. What are the prime factors of d(7)?
2
Suppose 0 = 26*d - 29*d + 147. What are the prime factors of d?
7
Suppose 7*d - 196 = -5*v + 4*d, -122 = -3*v - 4*d. List the prime factors of v.
2, 19
Let u(f) = 4*f - 3. Let l be u(2). Suppose 0*r = -r - l*c - 23, 3*r - 2*c = 16. Suppose 3*i + 12 = 3*a + 5*i, 3*a = r*i. What are the prime factors of a?
2
Let d(b) = -b**3 - 9*b**2 + 9*b - 12. Let n be d(-10). Let q be (n - -1)*2*7. Let l = q - -21. What are the prime factors of l?
7
Suppose 12 = 5*b - 3. Suppose b*q - 49 + 4 = 0. What are the prime factors of q?
3, 5
Suppose 5*u = 4*s - 5*s + 15, 4*s - 24 = -2*u. List the prime factors of u.
2
Suppose -3*r - 11 = -v, 2*v = -3*r - 6 + 73. Let z(h) = -h**2 - 8*h + 11. Let w be z(-9). Suppose 2 - v = -w*s. List the prime factors of s.
2, 3
Let m(r) be the first derivative of 1/3*r**3 + 1 + 0*r + 3/2*r**2. List the prime factors of m(-4).
2
Suppose 2*p = 5*p + 6. List the prime factors of (-40)/12*3/p.
5
Let t be ((-18)/(-5))/(3/10). Let a = t - -1. What are the prime factors of a?
13
Let h = 520 - 313. What are the prime factors of h?
3, 23
Let s = 189 - 56. List the prime factors of s.
7, 19
What are the prime factors of (-652)/(-18) + 8/(-36)?
2, 3
Suppose -3*k = -6*k + 6. Suppose -3*x - k*o + 2 = -8, -14 = -3*x + 2*o. List the prime factors of x.
2
Let c(m) = 2*m**2 - 7*m - 4. Let s be c(6). Let d be s/5 - (-3)/(-15). Suppose 0 = -d*y + j + 26, 2*j + 0*j - 13 = -3*y. What are the prime factors of y?
5
Suppose 0 = s + 2*s - 30. Suppose -3*a - 11 = -4*a - 4*r, 0 = 3*a + r. Let f = a + s. What are the prime factors of f?
3
Let u(m) = 4*m + 5. Let z(f) = 2*f + 2. Let b(y) = -3*u(y) + 5*z(y). Let v be b(-4). Suppose t - 3*k = -0*t + 15, -v*t = -2*k - 38. List the prime factors of t.
2, 3
Suppose -2*o + 5*q = -127, -3*o + q + 276 - 66 = 0. List the prime factors of o.
71
Let p(l) = l**2 + 4*l. What are the prime factors of p(-8)?
2
Let p(r) = 2*r**2 + 3*r + 4. Let l be p(-5). Let y = l + -19. Suppose 0 = -5*i + i + y. List the prime factors of i.
5
Let i = -78 + 142. List the prime factors of i.
2
Suppose -6*t = -4*t - 32. Let r be (12/8)/((-6)/t). Let x(z) = -z + 5. List the prime factors of x(r).
3
Suppose -3*t + 5*t = -40. Let u = t - -31. What are the prime factors of u?
11
Let p = 51 + 6. Suppose 5*m = -p + 212. What are the prime factors of m?
31
Suppose 3*v + v = -5*i + 65, 5*v - 70 = -5*i. Let f = i + -6. What are the prime factors of f?
3
Suppose -2*r + 2 + 2 = 0. Suppose w + 6 = r*w. What are the prime factors of w?
2, 3
Suppose 4*b - 18 = -2*t, -t - 3*t + 60 = 2*b. Let u = -10 + t. What are the prime factors of u?
7
Let l be (4/(-2) - 8) + -4. Suppose -2*a = 5 + 1. Let t = a - l. List the prime factors of t.
11
Suppose 6*k + 4*l = 3*k - 80, -k + 3*l - 5 = 0. What are the prime factors of (-8)/(k/6 + 3)?
2, 3
Let d(n) = -n**2 - 11*n - 4. Let s(u) = -2*u**2 - 21*u - 7. Let y(i) = 11*d(i) - 6*s(i). Suppose -8 + 32 = -4*z. What are the prime factors of y(z)?
2
Let q(k) = 8*k**2 - 6*k + 3. List the prime factors of q(6).
3, 5, 17
Suppose -4*y + 16 = 0, 4*u - y + 5*y = -208. What are the prime factors of (u/6)/((-4)/12)?
2, 7
Let d = 18 + -9. Suppose -4*j = -j - d. What are the prime factors of j?
3
Suppose m = -3*m + 8, 2*m = -2*h + 10. Suppose -7*t - 12 = -h*t. List the prime factors of (-22)/t - (-2)/(-6).
7
Suppose 86 = 6*x + 8. List the prime factors of x.
13
Suppose 0 = 4*b - c + 134, -4*b = b + 4*c + 178. Let w = -7 - b. List the prime factors of w.
3
Suppose -2*q + w - 125 = -4*q, -3*w + 249 = 4*q. List the prime factors of q.
3, 7
Let f(x) = -16*x - 1. Let b be f(-2). Suppose -n + 50 = 3*d, n - 4*n = 2*d - b. List the prime factors of d.
17
Let l be 1/(0 + (-1)/(-23)). Let o(v) = -v**3 + 7*v**2 + 2*v - 8. Let a be o(6). Let p = a - l. What are the prime factors of p?
17
Let z = 41 + -20. What are the prime factors of z?
3, 7
Let a be 51/7 - (-2)/(-7). Let t be 3/(-1)*(6 + -13). Suppose a = 4*w - t. What are the prime factors of w?
7
Suppose 0 = 5*c + 3*v - 79, 3*v + 93 = 5*c - v. Suppose -c*a + 16*a = -15. What are the prime factors of a?
3, 5
Suppose -2*s + m + 137 = -0*m, -61 = -s + 2*m. What are the prime factors of s?
71
Let v(w) = -w**2 + 160. Let r be v(0). What are the prime factors of (r/30)/((-2)/(-3))?
2
Let t(k) = -8*k - 5 + 7 + 0 + 0*k. What are the prime factors of t(-1)?
2, 5
Let p(u) = -4*u**2 - 2*u + 1. Suppose 2*r + 2 + 0 = -5*w, 16 = 4*r. Let c be p(w). Let v = c + 16. What are the prime factors of v?
5
Suppose 78 - 8 = 2*n + 2*l, 123 = 3*n - 3*l. What are the prime factors of n?
2, 19
Let k be 0 + (0/(-4) - 0). Let p be (-4)/3*3/(-2). Suppose 0 = -p*o - k*o + 16. List the prime factors of o.
2
Let c(u) be the first derivative of 5*u**3/3 - u**2/2 + u + 7. List the prime factors of c(-2).
23
Let t(d) = 5*d - 2. Let h be t(-2). Let s = -32 - -49. Let v = h + s. List the prime factors of v.
5
Let j(d) = 5*d**2 - 3*d - 3. Let r = 3 - 5. List the prime factors of j(r).
23
Let k(b) = -b**2 + 3*b + 2. Let z be k(3). Suppose -y - 16 = -z*y. List the prime factors of y.
2
Let y(a) = -9*a**2 - a + 1. Let s be (-1)/(-3) + (-4)/(-6). Let l be y(s). List the prime factors of (7 - -1)*l/(-12).
2, 3
Let f = -4 - 0. Let p be 2/(-2) - (4 + f). Let k(d) = d**2 + 1. What are the prime factors of k(p)?
2
Suppose 2*j - 570 = -3*j. Let k = j + -75. What are the prime factors of k?
3, 13
Suppose -d - 4 = 0, -3*d + 6 - 13 = w. Suppose v = -2*h - 2, 0 = w*v - 2*h - 25 - 13. What are the prime factors of v?
2, 3
Let q(u) = u**2 - u. Let p be q(3). Suppose 0 = -p*g + g + 20. What are the prime factors of g?
2
Suppose 0 = 4*g - o + 87, -2*g + 0 = 5*o + 49. Let n = g + 33. What are the prime factors of n?
11
Suppose 7*o = 9*o - 44. List the prime factors of o.
2, 11
Let z(h) = 16*h**2 + 2*h + 1. Suppose -5*f - 11 = -3*v, 3*v = 7 - 1. What are the prime factors of z(f)?
3, 5
Suppose 0 = 32*f - 36*f + 148. List the prime factors of f.
37
What are the prime factors of (-22)/11 - (-2)/((-4)/(-130))?
3, 7
Let t be 2/2 + (-1 - -2). Let u be 10 - 2/(3 - t). Let n = -3 + u. What are the prime factors of n?
5
Let o(g) be the second derivative of 0 - g + 1/2*g**3 - 1/12*g**4 - 1/2*g**2 - 1/20*g**5. What are the prime factors of o(-3)?
2
Let x(q) = -q**3 - q**2 + q + 195. List the prime factors of x(0).
3, 5, 13
Let w(p) = 2*p - 4. Let q(d) = -d**3 + 6*d**2 - 2*d + 9. Let x be q(6). Let a(m) = -m**2 - 6*m - 3. Let s be a(x). What are the prime factors of w(s)?
2
Suppose 20 + 20 = 8*c. List the prime factors of c.
5
Suppose -3*s - 4 = -10. Suppose 5*f = 2*q - 25, -f + 3*f + 10 = -4*q. Suppose q - 4 = -s*g. List the prime factors of g.
2
Suppose -2*y = -4*w - 0*w - 348, y - 166 = -2*w. Suppose -3*r = o - 60, 6*r = 4*o + 4*r - y. What are the prime factors of o?
3, 5
Suppose -4*o - 40 = -212. Suppose -2*d - 3*y + 21 = 0, 6*y = -4*d + y + o. Suppose -2*t - 8 = -4*w, -w + d = -2*w + 4*t. List the prime factors of w.
2
Suppose 6*j - 273 - 195 = 0. What are the prime factors of j?
2, 3, 13
Let n be (-76)/(-18) + (-2)/9. Suppose n*y = 8 + 16. List the prime factors of y.
2, 3
Suppose -849 - 343 = -4*x. List the prime factors of x.
2, 149
Let o(u) = -4*